ed by 13.
11
Let g(t) = 1. Let i(n) = n - 5. Let m(v) = 4*g(v) + i(v). What is the remainder when 2 is divided by m(3)?
0
Suppose 8*n + 96 = 16. Let w(y) = -6*y**2 - 10 - 2*y**3 - 13*y + y**3 - 5*y**2. What is the remainder when 39 is divided by w(n)?
19
Let o be 1/(2/(-10)) - -1. Let a be (-191)/(-2) - (-2)/o. Suppose 8 = -3*x + a. What is the remainder when x is divided by 10?
9
Suppose 2*z + 14 = 2*s, -2*z + 0*z = s + 2. Suppose -2*d - 3*l = -4*d + 19, 2*d = 5*l + 21. What is the remainder when d is divided by (s/(12/(-9)))/(-1)?
2
Calculate the remainder when 1 is divided by (-3)/((-6)/4)*48/96.
0
Let i = 99 + -14. Suppose f + i = 6*f. What is the remainder when 32 is divided by f?
15
Let h = 95 - 44. Let c = -36 + h. Calculate the remainder when c is divided by 9.
6
Suppose 0 = -5*h + 7*q - 4*q + 279, 3*h + 5*q = 181. What is the remainder when h is divided by 30?
27
Let o(f) = -1 - 7*f**2 + f**3 + f + 2*f**2 + f**2. Let a be o(4). Suppose -t = 5*l - a*t - 42, 0 = -5*l - t + 39. What is the remainder when 15 is divided by l?
7
Let l(p) = p**2 - p - 7. Calculate the remainder when 23 is divided by l(-4).
10
Suppose -2*z - 3 = -k + 2*z, -3 = -3*z. Let p(o) = 24*o**2 + 2*o - 1. What is the remainder when p(1) is divided by k?
4
Suppose 5*b + i - 79 = 2*b, 2*i + 128 = 5*b. Calculate the remainder when 102 is divided by b.
24
Let t(l) = -6*l + 3. Let i(o) = -7*o + 4. Let r(v) = 4*i(v) - 5*t(v). Let c be r(-2). Calculate the remainder when (-2)/(-6) + (-14)/c is divided by 3.
2
Let b(n) = -n**3 + n + 1. Let o(g) = 3*g**3 + 10*g**2 + 6*g - 11. Let a(r) = -4*b(r) - o(r). What is the remainder when 70 is divided by a(11)?
16
Suppose 2*x = -2*w + 26, 41 + 3 = 5*w - 2*x. Suppose 0 = 4*l + w - 2, 0 = -b - 2*l + 7. Let m = -4 + 35. Calculate the remainder when m is divided by b.
9
Let v(i) = -i - 1. Let r be v(0). Calculate the remainder when -2 + r/((-2)/28) is divided by (28/2)/(4/2).
5
Let s(b) = -b**2 + 5*b - 1 + 45 - 4*b. Let o be s(0). Suppose 6 - o = -2*t. Calculate the remainder when t is divided by 7.
5
Calculate the remainder when 22 is divided by (-2)/9 + (-4)/36*-83.
4
Suppose 0 = -3*f - 2*f + 10. Suppose f*p - 6*p = -124. Let i = -17 + p. What is the remainder when 40 is divided by i?
12
Let t = -8 + 13. Suppose 5*l + 60 = 4*z, -l = 3*z - t*l - 46. Let d = -5 + z. What is the remainder when d is divided by 3?
2
Let m = 4 - -1. Suppose 2*b = 2*d + b - 25, 0 = -d + 5*b - 1. What is the remainder when d is divided by m?
4
Let p(f) = -f**2 + 4*f - 4. Let h be p(3). Let n = 3 + h. Suppose n*y + 3*r = 2*r, 3*y + 3 = -3*r. What is the remainder when 1 is divided by y?
0
What is the remainder when 27 is divided by (0 + 2)/((-2)/(-16))?
11
Let g be (-6 - -2)/((-1)/2). Let l = g + -4. Calculate the remainder when 6 is divided by l.
2
Let a(n) = -n**3 + 9*n**2 + 25*n - 11. What is the remainder when 84 is divided by a(11)?
18
Let s = 14 - 14. Suppose -v + 31 = 3*c - 60, -v + 5*c + 131 = s. What is the remainder when v is divided by 27?
25
Suppose -3*r = -r - 2. Let z = 7 - r. Calculate the remainder when z is divided by 4.
2
Suppose -2*q + h + 17 = -0*h, 4*q = h + 35. Calculate the remainder when 26 is divided by q.
8
Suppose -4*i = -12 - 0. Suppose i*d = 3*a - 57, -2*a = -8*d + 4*d - 30. What is the remainder when 45 is divided by a?
22
Let z = 42 - 23. What is the remainder when z is divided by ((-3)/3)/(2/(-10))?
4
Suppose f + 11 = 2*f. Calculate the remainder when 30 is divided by f.
8
Suppose 0 = 4*o - 102 - 118. Calculate the remainder when o is divided by 8.
7
Let n(r) = r**2 - 2*r + 3. Let v be n(6). Suppose -5*i + 58 = -v. Calculate the remainder when i is divided by 10.
7
Let c = 5 + -3. Suppose -11 = -c*q - 3*d - 5, 4*d - 2 = -2*q. Calculate the remainder when 17 is divided by q.
8
Suppose -5*q + 25 - 5 = 0. What is the remainder when 6 is divided by q?
2
Suppose 0*j - 5*j = -10. Suppose 2 = 2*h + 4*n, -2*h + 6*n + 10 = 2*n. What is the remainder when h is divided by j?
1
Let h(j) = j**3 - 14*j**2 + 25*j - 6. What is the remainder when 6 is divided by h(12)?
0
Let n(u) = -18*u - 4. Calculate the remainder when 126 is divided by n(-2).
30
Let t(y) = -y**3 - 2*y**2 + 2*y + 2. Let v(h) = h**3 + 4*h**2 - 3. Let r be v(-4). Let m = 0 - r. Calculate the remainder when t(-3) is divided by m.
2
Let p(r) = -r**3 - 6*r**2 - 2*r - 1. Calculate the remainder when p(-7) is divided by 16.
14
Let u be -2*3*2/(-4). Suppose 2*y - 6*y = -4*k + 24, u*y = 5*k - 28. Suppose -k*d + 38 = -4*d. Calculate the remainder when d is divided by 13.
12
Let l = -30 - -38. What is the remainder when l is divided by 3?
2
Let t(q) = q**3 - 4*q**2 + 2*q - 1. Calculate the remainder when t(5) is divided by 18.
16
Let k(d) = d + 13. Let b(p) = p**2 - p. Let a be b(1). Calculate the remainder when 36 is divided by k(a).
10
Suppose -5*j - 3*i = -0*i - 975, 2*i - 980 = -5*j. Suppose 0 = -6*w + 3*w + j. What is the remainder when w is divided by 17?
15
Suppose -l = 5*v + l - 82, 4*v - 60 = 4*l. Let i = v - 8. Calculate the remainder when i is divided by 5.
3
Suppose -3*c - k = k - 122, 4*c - 164 = -2*k. Calculate the remainder when c is divided by 22.
20
Suppose -h = -4*q + 72, 3*h - 50 = q - 3*q. Let a = 0 + 10. Calculate the remainder when -3 - (0 - q - 3) is divided by a.
9
What is the remainder when 44 + (-3)/12*0 is divided by 15?
14
Let z be 6/(-2)*(-58)/(-6). Let d = z - -64. Suppose -2*g = q - d, -5*g - 3*q + 72 = -15. Calculate the remainder when 52 is divided by g.
16
Let g(h) = -h**3 + 2*h**2 + 2*h + 5. Let s be g(4). Let d = 39 + s. What is the remainder when 58 is divided by d?
18
Let m(g) = 5*g - 2. Suppose -4*u - 7*n + 155 = -2*n, 5*u = 5*n + 250. Calculate the remainder when u is divided by m(5).
22
Let a(v) = v**3 + 4*v**2 - 3*v - 7. Calculate the remainder when a(-3) is divided by 3.
2
Let p = 49 - 34. Let q = p + -2. Calculate the remainder when 37 is divided by q.
11
Let b(s) = -2*s**2 - 12*s. What is the remainder when 30 is divided by b(-4)?
14
Let p(o) = -o + 4. Let t be p(0). Suppose -4*h + t = -3*h. Calculate the remainder when 7*(-1 - -2) - 1 is divided by h.
2
Let l(d) = d**3 - 3*d**2 - 2*d - 2. Let q be l(3). Let p(o) = o**3 + 8*o**2 - 2*o - 4. Calculate the remainder when 33 is divided by p(q).
9
Let s(x) = 6*x**2 + 5*x + 6. What is the remainder when s(-4) is divided by 21?
19
Calculate the remainder when (-46)/(-3)*18/12 is divided by 10.
3
Suppose 9*h - 32 = h. What is the remainder when 7 is divided by h?
3
Let o = 48 - 37. Calculate the remainder when 35 is divided by o.
2
Let l(r) = r**3 + 10*r**2 - 12*r + 10. Calculate the remainder when 62 is divided by l(-11).
20
Suppose 0 = 3*h - 93 - 102. Suppose 6*s = s + h. What is the remainder when s is divided by 8?
5
Suppose 7 = 3*m - 4*i, -2*m - 3*i = -6*i - 3. What is the remainder when 34 is divided by m?
7
Let q(p) = 3*p**2 + 5*p + 3. Suppose 5 = -5*f, -u + 1 = -3*f - 7. What is the remainder when q(-3) is divided by u?
0
Suppose -2*y + 2*r + 134 = 0, -2*r = 3*y - 16 - 205. Calculate the remainder when 209 is divided by y.
67
Let l be (-18)/(-15)*(-60)/9. Let n = -4 - l. Suppose -f + 0 = -6. Calculate the remainder when f is divided by n.
2
Let z = -4 + 14. Let x(v) = -14*v. What is the remainder when x(-2) is divided by z?
8
Let x = 11 - -1. Let t(a) = -a + 20. Calculate the remainder when t(-14) is divided by x.
10
Let u(g) = -4*g + 1. Let y = -17 + 13. Suppose 0*a + 1 = v - a, -33 = -5*v - 2*a. What is the remainder when u(y) is divided by v?
2
Suppose 56 = -5*w - 24. What is the remainder when 57 is divided by w*-2*5/8?
17
Let g(w) = 3*w**2 - 3*w + 1. What is the remainder when g(-6) is divided by 32?
31
Let n = -27 + 47. What is the remainder when 79 is divided by n?
19
Let g = -40 - -56. What is the remainder when 44 is divided by g?
12
Suppose 76*k - 81*k = -75. What is the remainder when 163 is divided by k?
13
Let l(d) = d + 6. Let y be l(-4). Suppose -y*x + 5*x - 108 = 0. Calculate the remainder when x is divided by 13.
10
Let b = 28 + -13. Let y be 1*46 + (6 - 5). Calculate the remainder when (y + -3 + 0)/1 is divided by b.
14
Suppose 0 = 2*u - 5*w + 4 + 2, 5*u = 2*w - 15. Let k(z) = -z**3 - 7*z**2 + z + 9. Let g be k(-7). Calculate the remainder when 3 is divided by (1 + g)/(u/(-2